{"id":10,"date":"2023-02-28T08:11:25","date_gmt":"2023-02-28T08:11:25","guid":{"rendered":"https:\/\/onlancedelapoussiere.net\/?page_id=10"},"modified":"2023-08-14T09:25:58","modified_gmt":"2023-08-14T09:25:58","slug":"quest-ce-que-cest-ce-site","status":"publish","type":"page","link":"https:\/\/onlancedelapoussiere.net\/index.php\/quest-ce-que-cest-ce-site\/","title":{"rendered":"C&rsquo;est quoi ce site ?"},"content":{"rendered":"\n<figure class=\"wp-block-image size-large\"><img loading=\"lazy\" decoding=\"async\" width=\"1024\" height=\"768\" src=\"https:\/\/onlancedelapoussiere.net\/wp-content\/uploads\/2023\/02\/metafor-1024x768.png\" alt=\"\" class=\"wp-image-11\" srcset=\"https:\/\/onlancedelapoussiere.net\/wp-content\/uploads\/2023\/02\/metafor-1024x768.png 1024w, https:\/\/onlancedelapoussiere.net\/wp-content\/uploads\/2023\/02\/metafor-300x225.png 300w, https:\/\/onlancedelapoussiere.net\/wp-content\/uploads\/2023\/02\/metafor-768x576.png 768w, https:\/\/onlancedelapoussiere.net\/wp-content\/uploads\/2023\/02\/metafor-1536x1152.png 1536w, https:\/\/onlancedelapoussiere.net\/wp-content\/uploads\/2023\/02\/metafor.png 2036w\" sizes=\"auto, (max-width: 1024px) 100vw, 1024px\" \/><figcaption class=\"wp-element-caption\">\u00ab\u00a0C&rsquo;est tellement m\u00e9taphorique&#8230;\u00a0\u00bb (Parasite, Bong-Joon-Ho, 2019)<\/figcaption><\/figure>\n\n\n\n<div style=\"height:50px\" aria-hidden=\"true\" class=\"wp-block-spacer\"><\/div>\n\n\n\n<p class=\"has-large-font-size\">J&rsquo;ai envie, au moins une fois par mois, d\u2019\u00e9crire un texte <em>critique <\/em>sur une ou des productions artistiques crois\u00e9es au gr\u00e9 des rencontres, go\u00fbts particuliers ou obsessions passag\u00e8res. <em><strong>Si je jette de la poussi\u00e8re dans le ciel<\/strong><\/em> est un titre bien m\u00e9taphorique, je suis d&rsquo;accord, mais c&rsquo;est tout simple : j\u2019esp\u00e8re bien pouvoir faire lire, voir ou sentir l\u2019intensit\u00e9 de certaines choses qui me plaisent ou m\u2019ont plu, \u00e0 travers quelques articles ou points de vue pas forc\u00e9ment tr\u00e8s construits.<strong> <em>C&rsquo;est pour que \u00e7a retombe sur quelqu&rsquo;un<\/em><\/strong>.<\/p>\n","protected":false},"excerpt":{"rendered":"<p>J&rsquo;ai envie, au moins une fois par mois, d\u2019\u00e9crire un texte critique sur une ou des productions artistiques crois\u00e9es au gr\u00e9 des rencontres, go\u00fbts particuliers ou obsessions passag\u00e8res. Si je jette de la poussi\u00e8re dans le ciel est un titre bien m\u00e9taphorique, je suis d&rsquo;accord, mais c&rsquo;est tout simple : j\u2019esp\u00e8re bien pouvoir faire lire, [&hellip;]<\/p>\n","protected":false},"author":1,"featured_media":0,"parent":0,"menu_order":0,"comment_status":"closed","ping_status":"closed","template":"","meta":{"_themeisle_gutenberg_block_has_review":false,"footnotes":""},"class_list":["post-10","page","type-page","status-publish","hentry"],"_links":{"self":[{"href":"https:\/\/onlancedelapoussiere.net\/index.php\/wp-json\/wp\/v2\/pages\/10","targetHints":{"allow":["GET"]}}],"collection":[{"href":"https:\/\/onlancedelapoussiere.net\/index.php\/wp-json\/wp\/v2\/pages"}],"about":[{"href":"https:\/\/onlancedelapoussiere.net\/index.php\/wp-json\/wp\/v2\/types\/page"}],"author":[{"embeddable":true,"href":"https:\/\/onlancedelapoussiere.net\/index.php\/wp-json\/wp\/v2\/users\/1"}],"replies":[{"embeddable":true,"href":"https:\/\/onlancedelapoussiere.net\/index.php\/wp-json\/wp\/v2\/comments?post=10"}],"version-history":[{"count":4,"href":"https:\/\/onlancedelapoussiere.net\/index.php\/wp-json\/wp\/v2\/pages\/10\/revisions"}],"predecessor-version":[{"id":256,"href":"https:\/\/onlancedelapoussiere.net\/index.php\/wp-json\/wp\/v2\/pages\/10\/revisions\/256"}],"wp:attachment":[{"href":"https:\/\/onlancedelapoussiere.net\/index.php\/wp-json\/wp\/v2\/media?parent=10"}],"curies":[{"name":"wp","href":"https:\/\/api.w.org\/{rel}","templated":true}]}}